{"id":13202,"date":"2023-05-30T10:44:00","date_gmt":"2023-05-30T08:44:00","guid":{"rendered":"https:\/\/swissblackangus.ch\/wordpress\/?p=13202"},"modified":"2025-08-29T14:39:06","modified_gmt":"2025-08-29T12:39:06","slug":"la-plus-belle-vache-allaitante-suisse","status":"publish","type":"aktuelles","link":"https:\/\/swissblackangus.ch\/fr\/aktuelles\/schoenste-schweizer-mutterkuh\/","title":{"rendered":"La plus belle vache m\u00e8re suisse"},"content":{"rendered":"<p>Nous f\u00e9licitons la famille Michel et Rahel F\u00e4h avec leurs filles Norah et Selina pour leur victoire au Swiss Open 2023 dans la Vianco-Arena \u00e0 Brunegg ! Le Swiss Open est le concours d'\u00e9lite des races \u00e0 viande en Suisse et a lieu tous les deux ans. La vache Angus \"Cosy\" de la famille F\u00e4h a \u00e9t\u00e9 \u00e9lue Miss Swiss Open, la plus belle vache parmi toutes les vaches m\u00e8res participantes. Toutes nos f\u00e9licitations !<\/p>\n\n\n\n<p><\/p>","protected":false},"excerpt":{"rendered":"<p>Nous f\u00e9licitons la famille Michel et Rahel F\u00e4h avec leurs filles Norah et Selina pour leur victoire au Swiss Open 2023 dans la Vianco-Arena \u00e0 Brunegg ! Le Swiss Open est le concours d'\u00e9lite des races \u00e0 viande en Suisse et a lieu tous les deux ans. La vache Angus \"Cosy\" de la famille F\u00e4h a \u00e9t\u00e9 \u00e9lue Miss Swiss Open, la plus belle vache parmi toutes les vaches m\u00e8res participantes. Toutes nos f\u00e9licitations !<\/p>","protected":false},"featured_media":13205,"comment_status":"open","ping_status":"closed","template":"","meta":{"_acf_changed":true,"_links_to":"","_links_to_target":""},"class_list":["post-13202","aktuelles","type-aktuelles","status-publish","has-post-thumbnail","hentry"],"acf":[],"_links":{"self":[{"href":"https:\/\/swissblackangus.ch\/fr\/wp-json\/wp\/v2\/aktuelles\/13202","targetHints":{"allow":["GET"]}}],"collection":[{"href":"https:\/\/swissblackangus.ch\/fr\/wp-json\/wp\/v2\/aktuelles"}],"about":[{"href":"https:\/\/swissblackangus.ch\/fr\/wp-json\/wp\/v2\/types\/aktuelles"}],"replies":[{"embeddable":true,"href":"https:\/\/swissblackangus.ch\/fr\/wp-json\/wp\/v2\/comments?post=13202"}],"wp:featuredmedia":[{"embeddable":true,"href":"https:\/\/swissblackangus.ch\/fr\/wp-json\/wp\/v2\/media\/13205"}],"wp:attachment":[{"href":"https:\/\/swissblackangus.ch\/fr\/wp-json\/wp\/v2\/media?parent=13202"}],"curies":[{"name":"wp","href":"https:\/\/api.w.org\/{rel}","templated":true}]}}

La plus belle vache mère suisse

<p>Nous félicitons la famille Michel et Rahel Fäh avec leurs filles Norah et Selina pour leur victoire au Swiss Open 2023 dans la Vianco-Arena à Brunegg ! Le Swiss Open est le concours d'élite des races à viande en Suisse et a lieu tous les deux ans. La vache Angus "Cosy" de la famille Fäh a été élue Miss Swiss Open, la plus belle vache parmi toutes les vaches mères participantes. Toutes nos félicitations !</p>



<p></p>

<p>Nous félicitons la famille Michel et Rahel Fäh avec leurs filles Norah et Selina pour leur victoire au Swiss Open 2023 dans la Vianco-Arena à Brunegg ! Le Swiss Open est le concours d'élite des races à viande en Suisse et a lieu tous les deux ans. La vache Angus "Cosy" de la famille Fäh a été élue Miss Swiss Open, la plus belle vache parmi toutes les vaches mères participantes. Toutes nos félicitations !</p>
