{"id":15197,"date":"2024-07-18T10:32:30","date_gmt":"2024-07-18T08:32:30","guid":{"rendered":"https:\/\/swissblackangus.ch\/?post_type=aktuelles&#038;p=15197"},"modified":"2025-08-22T16:30:28","modified_gmt":"2025-08-22T14:30:28","slug":"15197","status":"publish","type":"aktuelles","link":"https:\/\/swissblackangus.ch\/fr\/aktuelles\/15197\/","title":{"rendered":"Ouverture Carl's Junior la deuxi\u00e8me"},"content":{"rendered":"<p>La deuxi\u00e8me ouverture de Carl's Junior, la cha\u00eene de burgers la plus durable de Suisse, a eu lieu \u00e0 Winterthur. Avec la viande issue du programme Swiss Black Angus d'IP-SUISSE, Carl's Junior Suisse s'engage pleinement en faveur du bien-\u00eatre des animaux et de la durabilit\u00e9 et montre comment qualit\u00e9 sup\u00e9rieure, plaisir et responsabilit\u00e9 peuvent se retrouver dans l'assiette et \u00e0 quel point cela est d\u00e9licieux.<\/p>\n\n\n\n<p><\/p>\n\n\n\n<p><\/p>","protected":false},"excerpt":{"rendered":"<p>La deuxi\u00e8me ouverture de Carl's Junior, la cha\u00eene de burgers la plus durable de Suisse, a eu lieu \u00e0 Winterthur. Avec la viande issue du programme Swiss Black Angus d'IP-SUISSE, Carl's Junior Suisse s'engage pleinement en faveur du bien-\u00eatre des animaux et de la durabilit\u00e9 et montre comment qualit\u00e9 sup\u00e9rieure, plaisir et responsabilit\u00e9 peuvent se retrouver dans l'assiette et \u00e0 quel point cela est d\u00e9licieux.<\/p>","protected":false},"featured_media":15240,"comment_status":"open","ping_status":"closed","template":"","meta":{"_acf_changed":true,"_links_to":"","_links_to_target":""},"class_list":["post-15197","aktuelles","type-aktuelles","status-publish","has-post-thumbnail","hentry"],"acf":[],"_links":{"self":[{"href":"https:\/\/swissblackangus.ch\/fr\/wp-json\/wp\/v2\/aktuelles\/15197","targetHints":{"allow":["GET"]}}],"collection":[{"href":"https:\/\/swissblackangus.ch\/fr\/wp-json\/wp\/v2\/aktuelles"}],"about":[{"href":"https:\/\/swissblackangus.ch\/fr\/wp-json\/wp\/v2\/types\/aktuelles"}],"replies":[{"embeddable":true,"href":"https:\/\/swissblackangus.ch\/fr\/wp-json\/wp\/v2\/comments?post=15197"}],"wp:featuredmedia":[{"embeddable":true,"href":"https:\/\/swissblackangus.ch\/fr\/wp-json\/wp\/v2\/media\/15240"}],"wp:attachment":[{"href":"https:\/\/swissblackangus.ch\/fr\/wp-json\/wp\/v2\/media?parent=15197"}],"curies":[{"name":"wp","href":"https:\/\/api.w.org\/{rel}","templated":true}]}}

Ouverture Carl's Junior la deuxième

<p>La deuxième ouverture de Carl's Junior, la chaîne de burgers la plus durable de Suisse, a eu lieu à Winterthur. Avec la viande issue du programme Swiss Black Angus d'IP-SUISSE, Carl's Junior Suisse s'engage pleinement en faveur du bien-être des animaux et de la durabilité et montre comment qualité supérieure, plaisir et responsabilité peuvent se retrouver dans l'assiette et à quel point cela est délicieux.</p>



<p></p>



<p></p>

<p>La deuxième ouverture de Carl's Junior, la chaîne de burgers la plus durable de Suisse, a eu lieu à Winterthur. Avec la viande issue du programme Swiss Black Angus d'IP-SUISSE, Carl's Junior Suisse s'engage pleinement en faveur du bien-être des animaux et de la durabilité et montre comment qualité supérieure, plaisir et responsabilité peuvent se retrouver dans l'assiette et à quel point cela est délicieux.</p>
