{"id":15766,"date":"2025-11-06T14:45:38","date_gmt":"2025-11-06T13:45:38","guid":{"rendered":"https:\/\/swissblackangus.ch\/?post_type=aktuelles&#038;p=15766"},"modified":"2025-11-06T15:05:24","modified_gmt":"2025-11-06T14:05:24","slug":"des-connaissances-precieuses-pour-lavenir-de-la-qualite-swiss-blackangus","status":"publish","type":"aktuelles","link":"https:\/\/swissblackangus.ch\/fr\/aktuelles\/wertvolleerkenntnisse-fuerdie-zukunft-derswiss-blackangus-qualitaet\/","title":{"rendered":"Des enseignements pr\u00e9cieux pour l'avenir de la qualit\u00e9 Swiss Black Angus"},"content":{"rendered":"<p>Les mesures du persillage nous ouvrent de nouvelles perspectives. Afin que l'appareil soit parfaitement adapt\u00e9 \u00e0 la pr\u00e9cision suisse, nous nous sommes rendus au Danemark fin septembre. Nous y avons acquis une exp\u00e9rience pr\u00e9cieuse et avons pu voir comment fonctionne d\u00e9j\u00e0 un masque de paiement. Une \u00e9tape motivante vers l'avenir de la qualit\u00e9 Swiss Black Angus.<\/p>","protected":false},"excerpt":{"rendered":"<p>Les mesures du persillage nous ouvrent de nouvelles perspectives. Afin que l'appareil soit parfaitement adapt\u00e9 \u00e0 la pr\u00e9cision suisse, nous nous sommes rendus au Danemark fin septembre. Nous y avons acquis une exp\u00e9rience pr\u00e9cieuse et avons pu voir comment fonctionne d\u00e9j\u00e0 un masque de paiement. Une \u00e9tape motivante vers l'avenir de la qualit\u00e9 Swiss Black Angus.<\/p>","protected":false},"featured_media":0,"comment_status":"open","ping_status":"closed","template":"","meta":{"_acf_changed":true,"_links_to":"","_links_to_target":""},"class_list":["post-15766","aktuelles","type-aktuelles","status-publish","hentry"],"acf":[],"_links":{"self":[{"href":"https:\/\/swissblackangus.ch\/fr\/wp-json\/wp\/v2\/aktuelles\/15766","targetHints":{"allow":["GET"]}}],"collection":[{"href":"https:\/\/swissblackangus.ch\/fr\/wp-json\/wp\/v2\/aktuelles"}],"about":[{"href":"https:\/\/swissblackangus.ch\/fr\/wp-json\/wp\/v2\/types\/aktuelles"}],"replies":[{"embeddable":true,"href":"https:\/\/swissblackangus.ch\/fr\/wp-json\/wp\/v2\/comments?post=15766"}],"wp:attachment":[{"href":"https:\/\/swissblackangus.ch\/fr\/wp-json\/wp\/v2\/media?parent=15766"}],"curies":[{"name":"wp","href":"https:\/\/api.w.org\/{rel}","templated":true}]}}

Des enseignements précieux pour l'avenir de la qualité Swiss Black Angus

<p>Les mesures du persillage nous ouvrent de nouvelles perspectives. Afin que l'appareil soit parfaitement adapté à la précision suisse, nous nous sommes rendus au Danemark fin septembre. Nous y avons acquis une expérience précieuse et avons pu voir comment fonctionne déjà un masque de paiement. Une étape motivante vers l'avenir de la qualité Swiss Black Angus.</p>
