{"id":14026,"date":"2021-02-19T07:49:00","date_gmt":"2021-02-19T06:49:00","guid":{"rendered":"https:\/\/swissblackangus.ch\/wordpress\/?p=14026"},"modified":"2025-08-22T16:34:28","modified_gmt":"2025-08-22T14:34:28","slug":"ora-disponibile-in-macellerie-migros-aare-selezionate","status":"publish","type":"aktuelles","link":"https:\/\/swissblackangus.ch\/it\/aktuelles\/gibts-jetzt-in-ausgewaehlten-migros-aare-metzgereien\/","title":{"rendered":"Ora disponibile in macellerie selezionate Migros Aare"},"content":{"rendered":"<p>Lombo di Angus. Qualit\u00e0 e sostenibilit\u00e0. Il bordo grasso conferisce alla carne un sapore meraviglioso quando viene arrostita. Il taglio di carne pi\u00f9 sostenibile della Svizzera, proveniente dal famoso bovino Angus, da allevamento di vacche nutrici, ora disponibile nei banchi self-service delle filiali Migros di Shopyland, Br\u00fcgg, G\u00fcmligen, Buchs e Oberland e anche nelle filiali Migros Aare.<\/p>","protected":false},"excerpt":{"rendered":"<p>Lombo di Angus. Qualit\u00e0 e sostenibilit\u00e0. Il bordo grasso conferisce alla carne un sapore meraviglioso quando viene arrostita. Il taglio di carne pi\u00f9 sostenibile della Svizzera, proveniente dal famoso bovino Angus, da allevamento di vacche nutrici, ora disponibile nei banchi self-service delle filiali Migros di Shopyland, Br\u00fcgg, G\u00fcmligen, Buchs e Oberland e anche nelle filiali Migros Aare.<\/p>","protected":false},"featured_media":14027,"comment_status":"open","ping_status":"open","template":"","meta":{"_acf_changed":true,"_links_to":"","_links_to_target":""},"class_list":["post-14026","aktuelles","type-aktuelles","status-publish","has-post-thumbnail","hentry"],"acf":[],"_links":{"self":[{"href":"https:\/\/swissblackangus.ch\/it\/wp-json\/wp\/v2\/aktuelles\/14026","targetHints":{"allow":["GET"]}}],"collection":[{"href":"https:\/\/swissblackangus.ch\/it\/wp-json\/wp\/v2\/aktuelles"}],"about":[{"href":"https:\/\/swissblackangus.ch\/it\/wp-json\/wp\/v2\/types\/aktuelles"}],"replies":[{"embeddable":true,"href":"https:\/\/swissblackangus.ch\/it\/wp-json\/wp\/v2\/comments?post=14026"}],"wp:featuredmedia":[{"embeddable":true,"href":"https:\/\/swissblackangus.ch\/it\/wp-json\/wp\/v2\/media\/14027"}],"wp:attachment":[{"href":"https:\/\/swissblackangus.ch\/it\/wp-json\/wp\/v2\/media?parent=14026"}],"curies":[{"name":"wp","href":"https:\/\/api.w.org\/{rel}","templated":true}]}}

<p>Lombo di Angus. Qualità e sostenibilità. Il bordo grasso conferisce alla carne un sapore meraviglioso quando viene arrostita. Il taglio di carne più sostenibile della Svizzera, proveniente dal famoso bovino Angus, da allevamento di vacche nutrici, ora disponibile nei banchi self-service delle filiali Migros di Shopyland, Brügg, Gümligen, Buchs e Oberland e anche nelle filiali Migros Aare.</p>
