{"id":15197,"date":"2024-07-18T10:32:30","date_gmt":"2024-07-18T08:32:30","guid":{"rendered":"https:\/\/swissblackangus.ch\/?post_type=aktuelles&#038;p=15197"},"modified":"2025-08-22T16:30:28","modified_gmt":"2025-08-22T14:30:28","slug":"15197","status":"publish","type":"aktuelles","link":"https:\/\/swissblackangus.ch\/it\/aktuelles\/15197\/","title":{"rendered":"Apertura di Carl's Junior il secondo."},"content":{"rendered":"<p>La seconda apertura di Carl's Junior, la catena di hamburger pi\u00f9 sostenibile della Svizzera, ha avuto luogo a Winterthur. Con la carne proveniente dal programma Swiss Black Angus di IP-SUISSE, Carl's Junior Switzerland si impegna a fondo per il benessere degli animali e la sostenibilit\u00e0, dimostrando come sia possibile mettere nel piatto la massima qualit\u00e0, il piacere e la responsabilit\u00e0, oltre che il gusto.<\/p>\n\n\n\n<p><\/p>\n\n\n\n<p><\/p>","protected":false},"excerpt":{"rendered":"<p>La seconda apertura di Carl's Junior, la catena di hamburger pi\u00f9 sostenibile della Svizzera, ha avuto luogo a Winterthur. Con la carne proveniente dal programma Swiss Black Angus di IP-SUISSE, Carl's Junior Switzerland si impegna a fondo per il benessere degli animali e la sostenibilit\u00e0, dimostrando come sia possibile mettere nel piatto la massima qualit\u00e0, il piacere e la responsabilit\u00e0, oltre che il gusto.<\/p>","protected":false},"featured_media":15240,"comment_status":"open","ping_status":"closed","template":"","meta":{"_acf_changed":true,"_links_to":"","_links_to_target":""},"class_list":["post-15197","aktuelles","type-aktuelles","status-publish","has-post-thumbnail","hentry"],"acf":[],"_links":{"self":[{"href":"https:\/\/swissblackangus.ch\/it\/wp-json\/wp\/v2\/aktuelles\/15197","targetHints":{"allow":["GET"]}}],"collection":[{"href":"https:\/\/swissblackangus.ch\/it\/wp-json\/wp\/v2\/aktuelles"}],"about":[{"href":"https:\/\/swissblackangus.ch\/it\/wp-json\/wp\/v2\/types\/aktuelles"}],"replies":[{"embeddable":true,"href":"https:\/\/swissblackangus.ch\/it\/wp-json\/wp\/v2\/comments?post=15197"}],"wp:featuredmedia":[{"embeddable":true,"href":"https:\/\/swissblackangus.ch\/it\/wp-json\/wp\/v2\/media\/15240"}],"wp:attachment":[{"href":"https:\/\/swissblackangus.ch\/it\/wp-json\/wp\/v2\/media?parent=15197"}],"curies":[{"name":"wp","href":"https:\/\/api.w.org\/{rel}","templated":true}]}}

<p>La seconda apertura di Carl's Junior, la catena di hamburger più sostenibile della Svizzera, ha avuto luogo a Winterthur. Con la carne proveniente dal programma Swiss Black Angus di IP-SUISSE, Carl's Junior Switzerland si impegna a fondo per il benessere degli animali e la sostenibilità, dimostrando come sia possibile mettere nel piatto la massima qualità, il piacere e la responsabilità, oltre che il gusto.</p>



<p></p>



<p></p>

<p>La seconda apertura di Carl's Junior, la catena di hamburger più sostenibile della Svizzera, ha avuto luogo a Winterthur. Con la carne proveniente dal programma Swiss Black Angus di IP-SUISSE, Carl's Junior Switzerland si impegna a fondo per il benessere degli animali e la sostenibilità, dimostrando come sia possibile mettere nel piatto la massima qualità, il piacere e la responsabilità, oltre che il gusto.</p>
