{"id":15526,"date":"2025-04-29T15:29:49","date_gmt":"2025-04-29T13:29:49","guid":{"rendered":"https:\/\/swissblackangus.ch\/?post_type=aktuelles&#038;p=15526"},"modified":"2025-08-26T15:03:37","modified_gmt":"2025-08-26T13:03:37","slug":"ora-disponibile-anche-presso-il","status":"publish","type":"aktuelles","link":"https:\/\/swissblackangus.ch\/it\/aktuelles\/jetzt-auch-erhaeltlich-bei-denner\/","title":{"rendered":"Ora disponibile anche presso Denner"},"content":{"rendered":"<p>Dopo un inizio d'anno impegnativo, possiamo guardare con fiducia al nuovo anno. Abbiamo raggiunto molti risultati insieme, e questo \u00e8 solo l'inizio!<\/p>\n\n\n\n<p>La carne di Black Angus svizzera non solo \u00e8 parte integrante dell'assortimento Migros, ma \u00e8 disponibile anche presso Denner! In questo modo la nostra carne pregiata \u00e8 accessibile a un numero ancora maggiore di persone. Per garantire un aspetto perfetto sugli scaffali Denner, abbiamo sviluppato insieme un design fresco e moderno che cattura immediatamente l'attenzione. Se non l'avete ancora visto, date un'occhiata la prossima volta che andate a fare la spesa e guardate voi stessi! Un ringraziamento particolare va a Migros Aare e Migros Zurigo, che da anni sono nostri fedeli partner e con i quali siamo riusciti a ottenere una crescita continua. Il pieno utilizzo rimane una sfida, per questo il nostro obiettivo \u00e8 quello di espanderci gradualmente ad altri negozi, sportelli o cooperative.<br>per consentire una crescita sana. Swiss Black Angus \u00e8 in costante crescita anche nel canale della ristorazione, grazie all'eccellente qualit\u00e0 della nostra carne.<br>Il nostro viaggio \u00e8 tutt'altro che concluso! Swiss Black Angus \u00e8 sinonimo di produzione sostenibile e di altissima qualit\u00e0.<br>e passione genuina - e continueremo a lavorare per ancorare questi valori ancora pi\u00f9 saldamente.<\/p>\n\n\n\n<p><\/p>","protected":false},"excerpt":{"rendered":"<p>Nach einem herausfordernden Start ins vergangene Jahr d\u00fcrfen wir nun voller Zuversicht ins neue Jahr blicken. Wir haben gemeinsam viel erreicht \u2013 und das ist erst der Anfang! Swiss Black Angus Fleisch ist jetzt nicht nur fester Bestandteil des Migros-Sortiments, sondern auch bei Denner erh\u00e4ltlich! Damit wird unser Premium-Fleisch f\u00fcr noch mehr Menschen zug\u00e4nglich. Um [&hellip;]<\/p>\n","protected":false},"featured_media":15537,"comment_status":"open","ping_status":"closed","template":"","meta":{"_acf_changed":false,"_links_to":"","_links_to_target":""},"class_list":["post-15526","aktuelles","type-aktuelles","status-publish","has-post-thumbnail","hentry"],"acf":[],"_links":{"self":[{"href":"https:\/\/swissblackangus.ch\/it\/wp-json\/wp\/v2\/aktuelles\/15526","targetHints":{"allow":["GET"]}}],"collection":[{"href":"https:\/\/swissblackangus.ch\/it\/wp-json\/wp\/v2\/aktuelles"}],"about":[{"href":"https:\/\/swissblackangus.ch\/it\/wp-json\/wp\/v2\/types\/aktuelles"}],"replies":[{"embeddable":true,"href":"https:\/\/swissblackangus.ch\/it\/wp-json\/wp\/v2\/comments?post=15526"}],"wp:featuredmedia":[{"embeddable":true,"href":"https:\/\/swissblackangus.ch\/it\/wp-json\/wp\/v2\/media\/15537"}],"wp:attachment":[{"href":"https:\/\/swissblackangus.ch\/it\/wp-json\/wp\/v2\/media?parent=15526"}],"curies":[{"name":"wp","href":"https:\/\/api.w.org\/{rel}","templated":true}]}}

<p>Dopo un inizio d'anno impegnativo, possiamo guardare con fiducia al nuovo anno. Abbiamo raggiunto molti risultati insieme, e questo è solo l'inizio!</p>



<p>La carne di Black Angus svizzera non solo è parte integrante dell'assortimento Migros, ma è disponibile anche presso Denner! In questo modo la nostra carne pregiata è accessibile a un numero ancora maggiore di persone. Per garantire un aspetto perfetto sugli scaffali Denner, abbiamo sviluppato insieme un design fresco e moderno che cattura immediatamente l'attenzione. Se non l'avete ancora visto, date un'occhiata la prossima volta che andate a fare la spesa e guardate voi stessi! Un ringraziamento particolare va a Migros Aare e Migros Zurigo, che da anni sono nostri fedeli partner e con i quali siamo riusciti a ottenere una crescita continua. Il pieno utilizzo rimane una sfida, per questo il nostro obiettivo è quello di espanderci gradualmente ad altri negozi, sportelli o cooperative.<br>per consentire una crescita sana. Swiss Black Angus è in costante crescita anche nel canale della ristorazione, grazie all'eccellente qualità della nostra carne.<br>Il nostro viaggio è tutt'altro che concluso! Swiss Black Angus è sinonimo di produzione sostenibile e di altissima qualità.<br>e passione genuina - e continueremo a lavorare per ancorare questi valori ancora più saldamente.</p>



<p></p>

<p>Nach einem herausfordernden Start ins vergangene Jahr dürfen wir nun voller Zuversicht ins neue Jahr blicken. Wir haben gemeinsam viel erreicht – und das ist erst der Anfang! Swiss Black Angus Fleisch ist jetzt nicht nur fester Bestandteil des Migros-Sortiments, sondern auch bei Denner erhältlich! Damit wird unser Premium-Fleisch für noch mehr Menschen zugänglich. Um [&hellip;]</p>
