{"id":15769,"date":"2025-11-06T15:15:32","date_gmt":"2025-11-06T14:15:32","guid":{"rendered":"https:\/\/swissblackangus.ch\/?post_type=aktuelles&#038;p=15769"},"modified":"2025-11-06T15:42:00","modified_gmt":"2025-11-06T14:42:00","slug":"ogni-animale-conta","status":"publish","type":"aktuelles","link":"https:\/\/swissblackangus.ch\/it\/aktuelles\/jedes-tier-zaehlt\/","title":{"rendered":"Ogni animale conta"},"content":{"rendered":"<p>Il Black Angus svizzero appartiene a Hinwil. Chiunque compri rimontature le restituisce al programma. Chi ha animali pronti per la macellazione li porta a Hinwil per la commercializzazione. Questo \u00e8 l'unico modo per soddisfare le crescenti esigenze di Migros e Denner, perch\u00e9 pi\u00f9 scaffali significano anche pi\u00f9 responsabilit\u00e0. Soprattutto nei periodi in cui c'erano troppi animali sul mercato, Lucarna Macana ha rilevato tutti i Black Angus svizzeri a prezzi di etichetta, senza svalutazioni nel QM. Questa fiducia merita affidabilit\u00e0. Ora dobbiamo agire insieme. Ogni consegna \u00e8 importante affinch\u00e9 gli scaffali rimangano pieni e l'espansione con nuove filiali abbia successo. Il mantenimento degli animali nel programma garantisce prezzi equi, vendite stabili e una forte posizione di mercato. La continua domanda dimostra che lo Swiss Black Angus \u00e8 richiesto, nei negozi, nella ristorazione e tra i consumatori. Insieme, stiamo gettando le basi per una produzione sostenibile.<br>Futuro.<\/p>\n\n\n\n<p><\/p>","protected":false},"excerpt":{"rendered":"<p>Swiss Black Angus geh\u00f6rt nach Hinwil. Wer Remonten kauft, liefert sie zur\u00fcck ins Programm. Wer schlachtreife Tiere hat, bringt sie \u00fcber die Vermarktung nach Hinwil. Nur so lassen sich die wachsenden Bed\u00fcrfnisse von Migros und Denner decken, denn mehr Regale bedeuten auch mehr Verantwortung. Gerade in Zeiten, in denen es zu viele Tiere am Markt [&hellip;]<\/p>\n","protected":false},"featured_media":0,"comment_status":"open","ping_status":"closed","template":"","meta":{"_acf_changed":true,"_links_to":"","_links_to_target":""},"class_list":["post-15769","aktuelles","type-aktuelles","status-publish","hentry"],"acf":[],"_links":{"self":[{"href":"https:\/\/swissblackangus.ch\/it\/wp-json\/wp\/v2\/aktuelles\/15769","targetHints":{"allow":["GET"]}}],"collection":[{"href":"https:\/\/swissblackangus.ch\/it\/wp-json\/wp\/v2\/aktuelles"}],"about":[{"href":"https:\/\/swissblackangus.ch\/it\/wp-json\/wp\/v2\/types\/aktuelles"}],"replies":[{"embeddable":true,"href":"https:\/\/swissblackangus.ch\/it\/wp-json\/wp\/v2\/comments?post=15769"}],"wp:attachment":[{"href":"https:\/\/swissblackangus.ch\/it\/wp-json\/wp\/v2\/media?parent=15769"}],"curies":[{"name":"wp","href":"https:\/\/api.w.org\/{rel}","templated":true}]}}

<p>Il Black Angus svizzero appartiene a Hinwil. Chiunque compri rimontature le restituisce al programma. Chi ha animali pronti per la macellazione li porta a Hinwil per la commercializzazione. Questo è l'unico modo per soddisfare le crescenti esigenze di Migros e Denner, perché più scaffali significano anche più responsabilità. Soprattutto nei periodi in cui c'erano troppi animali sul mercato, Lucarna Macana ha rilevato tutti i Black Angus svizzeri a prezzi di etichetta, senza svalutazioni nel QM. Questa fiducia merita affidabilità. Ora dobbiamo agire insieme. Ogni consegna è importante affinché gli scaffali rimangano pieni e l'espansione con nuove filiali abbia successo. Il mantenimento degli animali nel programma garantisce prezzi equi, vendite stabili e una forte posizione di mercato. La continua domanda dimostra che lo Swiss Black Angus è richiesto, nei negozi, nella ristorazione e tra i consumatori. Insieme, stiamo gettando le basi per una produzione sostenibile.<br>Futuro.</p>



<p></p>

<p>Swiss Black Angus gehört nach Hinwil. Wer Remonten kauft, liefert sie zurück ins Programm. Wer schlachtreife Tiere hat, bringt sie über die Vermarktung nach Hinwil. Nur so lassen sich die wachsenden Bedürfnisse von Migros und Denner decken, denn mehr Regale bedeuten auch mehr Verantwortung. Gerade in Zeiten, in denen es zu viele Tiere am Markt [&hellip;]</p>
