{"id":12453,"date":"2024-03-08T23:14:37","date_gmt":"2024-03-08T22:14:37","guid":{"rendered":"https:\/\/swissblackangus.ch\/wordpress\/?page_id=12453"},"modified":"2025-08-29T13:46:24","modified_gmt":"2025-08-29T11:46:24","slug":"cuore-mano","status":"publish","type":"page","link":"https:\/\/swissblackangus.ch\/it\/herz-hand\/","title":{"rendered":"Cuore e mano"},"content":{"rendered":"<div data-elementor-type=\"wp-page\" data-elementor-id=\"12453\" class=\"elementor elementor-12453\" data-elementor-post-type=\"page\">\n\t\t\t\t<div class=\"elementor-element elementor-element-6051eaa2 e-con-full e-flex e-con e-parent\" data-id=\"6051eaa2\" data-element_type=\"container\" data-e-type=\"container\" data-settings=\"{&quot;background_background&quot;:&quot;classic&quot;}\">\n\t\t\t\t<div class=\"elementor-element elementor-element-1caa94d1 elementor-widget elementor-widget-image\" data-id=\"1caa94d1\" data-element_type=\"widget\" data-e-type=\"widget\" data-widget_type=\"image.default\">\n\t\t\t\t<div class=\"elementor-widget-container\">\n\t\t\t\t\t\t\t\t\t\t\t\t\t\t\t<img fetchpriority=\"high\" decoding=\"async\" width=\"800\" height=\"514\" src=\"https:\/\/swissblackangus.ch\/wp-content\/uploads\/2024\/03\/herz-hand-header-1024x658.webp\" class=\"attachment-large size-large wp-image-12455\" alt=\"Black Angus al pascolo\" srcset=\"https:\/\/swissblackangus.ch\/wp-content\/uploads\/2024\/03\/herz-hand-header-1024x658.webp 1024w, https:\/\/swissblackangus.ch\/wp-content\/uploads\/2024\/03\/herz-hand-header-300x193.webp 300w, https:\/\/swissblackangus.ch\/wp-content\/uploads\/2024\/03\/herz-hand-header-768x494.webp 768w, https:\/\/swissblackangus.ch\/wp-content\/uploads\/2024\/03\/herz-hand-header-1536x987.webp 1536w, https:\/\/swissblackangus.ch\/wp-content\/uploads\/2024\/03\/herz-hand-header.webp 1800w\" sizes=\"(max-width: 800px) 100vw, 800px\" \/>\t\t\t\t\t\t\t\t\t\t\t\t\t\t\t<\/div>\n\t\t\t\t<\/div>\n\t\t<div class=\"elementor-element elementor-element-3f26137 e-con-full e-flex e-con e-child\" data-id=\"3f26137\" data-element_type=\"container\" data-e-type=\"container\" data-settings=\"{&quot;position&quot;:&quot;absolute&quot;}\">\n\t\t\t\t<div data-dce-title-color=\"#FFFFFF\" class=\"elementor-element elementor-element-e7fadb8 elementor-widget elementor-widget-heading\" data-id=\"e7fadb8\" data-element_type=\"widget\" data-e-type=\"widget\" data-widget_type=\"heading.default\">\n\t\t\t\t<div class=\"elementor-widget-container\">\n\t\t\t\t\t<h1 class=\"elementor-heading-title elementor-size-default translation-block\">PRODUTTORI E<br>\nSPIRITO PIONIERISTICO<\/h1>\t\t\t\t<\/div>\n\t\t\t\t<\/div>\n\t\t\t\t<div class=\"elementor-element elementor-element-222432a3 elementor-widget-divider--view-line elementor-widget elementor-widget-divider\" data-id=\"222432a3\" data-element_type=\"widget\" data-e-type=\"widget\" data-widget_type=\"divider.default\">\n\t\t\t\t<div class=\"elementor-widget-container\">\n\t\t\t\t\t\t\t<div class=\"elementor-divider\">\n\t\t\t<span class=\"elementor-divider-separator\">\n\t\t\t\t\t\t<\/span>\n\t\t<\/div>\n\t\t\t\t\t\t<\/div>\n\t\t\t\t<\/div>\n\t\t\t\t<\/div>\n\t\t\t\t<\/div>\n\t\t<div class=\"elementor-element elementor-element-defe424 e-flex e-con-boxed e-con e-parent\" data-id=\"defe424\" data-element_type=\"container\" data-e-type=\"container\" data-settings=\"{&quot;background_background&quot;:&quot;classic&quot;}\">\n\t\t\t\t\t<div class=\"e-con-inner\">\n\t\t<div class=\"elementor-element elementor-element-8fdc812 e-con-full e-flex e-con e-child\" data-id=\"8fdc812\" data-element_type=\"container\" data-e-type=\"container\">\n\t\t\t\t<div class=\"elementor-element elementor-element-04508f9 elementor-widget__width-auto elementor-widget elementor-widget-image\" data-id=\"04508f9\" data-element_type=\"widget\" data-e-type=\"widget\" data-widget_type=\"image.default\">\n\t\t\t\t<div class=\"elementor-widget-container\">\n\t\t\t\t\t\t\t\t\t\t\t\t\t\t\t<img decoding=\"async\" width=\"363\" height=\"364\" src=\"https:\/\/swissblackangus.ch\/wp-content\/uploads\/2024\/03\/16.png\" class=\"attachment-large size-large wp-image-12468\" alt=\"Icona cuore\" srcset=\"https:\/\/swissblackangus.ch\/wp-content\/uploads\/2024\/03\/16.png 363w, https:\/\/swissblackangus.ch\/wp-content\/uploads\/2024\/03\/16-300x300.png 300w, https:\/\/swissblackangus.ch\/wp-content\/uploads\/2024\/03\/16-150x150.png 150w\" sizes=\"(max-width: 363px) 100vw, 363px\" \/>\t\t\t\t\t\t\t\t\t\t\t\t\t\t\t<\/div>\n\t\t\t\t<\/div>\n\t\t\t\t<div data-dce-title-color=\"#FFFFFF\" class=\"elementor-element elementor-element-cddaf9b elementor-widget elementor-widget-heading\" data-id=\"cddaf9b\" data-element_type=\"widget\" data-e-type=\"widget\" data-widget_type=\"heading.default\">\n\t\t\t\t<div class=\"elementor-widget-container\">\n\t\t\t\t\t<h2 class=\"elementor-heading-title elementor-size-default\">Testa, cuore e mani<\/h2>\t\t\t\t<\/div>\n\t\t\t\t<\/div>\n\t\t\t\t<div class=\"elementor-element elementor-element-6c5d2f4 elementor-widget-divider--view-line elementor-widget elementor-widget-global elementor-global-12215 elementor-widget-divider\" data-id=\"6c5d2f4\" data-element_type=\"widget\" data-e-type=\"widget\" data-widget_type=\"divider.default\">\n\t\t\t\t<div class=\"elementor-widget-container\">\n\t\t\t\t\t\t\t<div class=\"elementor-divider\">\n\t\t\t<span class=\"elementor-divider-separator\">\n\t\t\t\t\t\t<\/span>\n\t\t<\/div>\n\t\t\t\t\t\t<\/div>\n\t\t\t\t<\/div>\n\t\t\t\t<div class=\"elementor-element elementor-element-8b9d744 elementor-widget__width-initial elementor-widget elementor-widget-image\" data-id=\"8b9d744\" data-element_type=\"widget\" data-e-type=\"widget\" data-widget_type=\"image.default\">\n\t\t\t\t<div class=\"elementor-widget-container\">\n\t\t\t\t\t\t\t\t\t\t\t\t\t\t\t<img decoding=\"async\" width=\"800\" height=\"432\" src=\"https:\/\/swissblackangus.ch\/wp-content\/uploads\/2024\/03\/herz-hand-1-1024x553.webp\" class=\"attachment-large size-large wp-image-12476\" alt=\"Produttori di foto di gruppo di Black Angus svizzero\" srcset=\"https:\/\/swissblackangus.ch\/wp-content\/uploads\/2024\/03\/herz-hand-1-1024x553.webp 1024w, https:\/\/swissblackangus.ch\/wp-content\/uploads\/2024\/03\/herz-hand-1-300x162.webp 300w, https:\/\/swissblackangus.ch\/wp-content\/uploads\/2024\/03\/herz-hand-1-768x415.webp 768w, https:\/\/swissblackangus.ch\/wp-content\/uploads\/2024\/03\/herz-hand-1-1536x829.webp 1536w, https:\/\/swissblackangus.ch\/wp-content\/uploads\/2024\/03\/herz-hand-1.webp 1800w\" sizes=\"(max-width: 800px) 100vw, 800px\" \/>\t\t\t\t\t\t\t\t\t\t\t\t\t\t\t<\/div>\n\t\t\t\t<\/div>\n\t\t\t\t<div class=\"elementor-element elementor-element-4277ee3 elementor-widget elementor-widget-text-editor\" data-id=\"4277ee3\" data-element_type=\"widget\" data-e-type=\"widget\" data-widget_type=\"text-editor.default\">\n\t\t\t\t<div class=\"elementor-widget-container\">\n\t\t\t\t\t\t\t\t\tRiunione estiva dell'Associazione Svizzera degli Allevatori di Angus (SwissAngus)\t\t\t\t\t\t\t\t<\/div>\n\t\t\t\t<\/div>\n\t\t\t\t<div class=\"elementor-element elementor-element-9981827 justify elementor-widget__width-initial elementor-widget elementor-widget-text-editor\" data-id=\"9981827\" data-element_type=\"widget\" data-e-type=\"widget\" data-widget_type=\"text-editor.default\">\n\t\t\t\t<div class=\"elementor-widget-container\">\n\t\t\t\t\t\t\t\t\t<p>Segui un collegamento aggiunto manuale\nI produttori, gli agricoltori, le persone che si occupano di bovini Angus svizzeri, nutrono convinzione e passione per l\u2019allevamento dei loro animali; ogni giorno; in stalla e al pascolo. Sono i pionieri svizzeri dell\u2019allevamento di vacche nutrici, che condividono la gioia per i loro meravigliosi bovini, con tutti coloro che amano una natura sana e la carne di miglior qualit\u00e0.<\/p>\t\t\t\t\t\t\t\t<\/div>\n\t\t\t\t<\/div>\n\t\t\t\t<\/div>\n\t\t\t\t\t<\/div>\n\t\t\t\t<\/div>\n\t\t<div class=\"elementor-element elementor-element-9f267e2 e-con-full e-flex e-con e-parent\" data-id=\"9f267e2\" data-element_type=\"container\" data-e-type=\"container\" data-settings=\"{&quot;background_background&quot;:&quot;classic&quot;}\">\n\t\t\t\t<div class=\"elementor-element elementor-element-0b74390 elementor-widget elementor-widget-image\" data-id=\"0b74390\" data-element_type=\"widget\" data-e-type=\"widget\" data-widget_type=\"image.default\">\n\t\t\t\t<div class=\"elementor-widget-container\">\n\t\t\t\t\t\t\t\t\t\t\t\t\t\t\t<img loading=\"lazy\" decoding=\"async\" width=\"800\" height=\"424\" src=\"https:\/\/swissblackangus.ch\/wp-content\/uploads\/2024\/03\/herz-hand-2-1024x543.webp\" class=\"attachment-large size-large wp-image-12487\" alt=\"Paesaggio mattutino con nebbiolina\" srcset=\"https:\/\/swissblackangus.ch\/wp-content\/uploads\/2024\/03\/herz-hand-2-1024x543.webp 1024w, https:\/\/swissblackangus.ch\/wp-content\/uploads\/2024\/03\/herz-hand-2-300x159.webp 300w, https:\/\/swissblackangus.ch\/wp-content\/uploads\/2024\/03\/herz-hand-2-768x407.webp 768w, https:\/\/swissblackangus.ch\/wp-content\/uploads\/2024\/03\/herz-hand-2-1536x815.webp 1536w, https:\/\/swissblackangus.ch\/wp-content\/uploads\/2024\/03\/herz-hand-2.webp 1800w\" sizes=\"(max-width: 800px) 100vw, 800px\" \/>\t\t\t\t\t\t\t\t\t\t\t\t\t\t\t<\/div>\n\t\t\t\t<\/div>\n\t\t<div class=\"elementor-element elementor-element-6ed4917 e-con-full animated-slow e-flex elementor-invisible e-con e-child\" data-id=\"6ed4917\" data-element_type=\"container\" data-e-type=\"container\" data-settings=\"{&quot;animation&quot;:&quot;fadeIn&quot;,&quot;animation_delay&quot;:0.5,&quot;position&quot;:&quot;absolute&quot;}\">\n\t\t\t\t<div data-dce-title-color=\"#FFFFFF\" class=\"elementor-element elementor-element-09f3429 elementor-widget elementor-widget-heading\" data-id=\"09f3429\" data-element_type=\"widget\" data-e-type=\"widget\" data-widget_type=\"heading.default\">\n\t\t\t\t<div class=\"elementor-widget-container\">\n\t\t\t\t\t<p class=\"elementor-heading-title elementor-size-default\">IP-SUISSE \u2013 AGRICOLTORI PER GENERAZIONI<\/p>\t\t\t\t<\/div>\n\t\t\t\t<\/div>\n\t\t\t\t<\/div>\n\t\t\t\t<\/div>\n\t\t\t\t<\/div>","protected":false},"excerpt":{"rendered":"<p>VON PRODUZENTEN UND PIONIERGEIST Kopf, Herz und Hand Sommerh\u00f6ck der Schweizerischen Vereinigung der Angus-Z\u00fcchter (SwissAngus) Produzenten, Landwirte, Menschen, die es mit Schweizer Angus-Rindern zu tun haben, sind mit \u00dcberzeugung und Leidenschaft bei ihren K\u00fchen und Stieren. Jeden Tag. Im Stall und auf der Wiese. Sie waren die Pioniere der Mutterkuhhaltung in der Schweiz und teilen [&hellip;]<\/p>\n","protected":false},"author":1,"featured_media":12455,"parent":0,"menu_order":6,"comment_status":"closed","ping_status":"closed","template":"elementor_header_footer","meta":{"_acf_changed":false,"footnotes":"","_links_to":"","_links_to_target":""},"class_list":["post-12453","page","type-page","status-publish","has-post-thumbnail","hentry"],"acf":[],"_links":{"self":[{"href":"https:\/\/swissblackangus.ch\/it\/wp-json\/wp\/v2\/pages\/12453","targetHints":{"allow":["GET"]}}],"collection":[{"href":"https:\/\/swissblackangus.ch\/it\/wp-json\/wp\/v2\/pages"}],"about":[{"href":"https:\/\/swissblackangus.ch\/it\/wp-json\/wp\/v2\/types\/page"}],"author":[{"embeddable":true,"href":"https:\/\/swissblackangus.ch\/it\/wp-json\/wp\/v2\/users\/1"}],"replies":[{"embeddable":true,"href":"https:\/\/swissblackangus.ch\/it\/wp-json\/wp\/v2\/comments?post=12453"}],"version-history":[{"count":112,"href":"https:\/\/swissblackangus.ch\/it\/wp-json\/wp\/v2\/pages\/12453\/revisions"}],"predecessor-version":[{"id":15706,"href":"https:\/\/swissblackangus.ch\/it\/wp-json\/wp\/v2\/pages\/12453\/revisions\/15706"}],"wp:featuredmedia":[{"embeddable":true,"href":"https:\/\/swissblackangus.ch\/it\/wp-json\/wp\/v2\/media\/12455"}],"wp:attachment":[{"href":"https:\/\/swissblackangus.ch\/it\/wp-json\/wp\/v2\/media?parent=12453"}],"curies":[{"name":"wp","href":"https:\/\/api.w.org\/{rel}","templated":true}]}}

<div data-elementor-type="wp-page" data-elementor-id="12453" class="elementor elementor-12453" data-elementor-post-type="page">
				<div class="elementor-element elementor-element-6051eaa2 e-con-full e-flex e-con e-parent" data-id="6051eaa2" data-element_type="container" data-e-type="container" data-settings="{&quot;background_background&quot;:&quot;classic&quot;}">
				<div class="elementor-element elementor-element-1caa94d1 elementor-widget elementor-widget-image" data-id="1caa94d1" data-element_type="widget" data-e-type="widget" data-widget_type="image.default">
				<div class="elementor-widget-container">
															<img fetchpriority="high" decoding="async" width="800" height="514" src="https://swissblackangus.ch/wp-content/uploads/2024/03/herz-hand-header-1024x658.webp" class="attachment-large size-large wp-image-12455" alt="Black Angus al pascolo" srcset="https://swissblackangus.ch/wp-content/uploads/2024/03/herz-hand-header-1024x658.webp 1024w, https://swissblackangus.ch/wp-content/uploads/2024/03/herz-hand-header-300x193.webp 300w, https://swissblackangus.ch/wp-content/uploads/2024/03/herz-hand-header-768x494.webp 768w, https://swissblackangus.ch/wp-content/uploads/2024/03/herz-hand-header-1536x987.webp 1536w, https://swissblackangus.ch/wp-content/uploads/2024/03/herz-hand-header.webp 1800w" sizes="(max-width: 800px) 100vw, 800px" />															</div>
				</div>
		<div class="elementor-element elementor-element-3f26137 e-con-full e-flex e-con e-child" data-id="3f26137" data-element_type="container" data-e-type="container" data-settings="{&quot;position&quot;:&quot;absolute&quot;}">
				<div data-dce-title-color="#FFFFFF" class="elementor-element elementor-element-e7fadb8 elementor-widget elementor-widget-heading" data-id="e7fadb8" data-element_type="widget" data-e-type="widget" data-widget_type="heading.default">
				<div class="elementor-widget-container">
					<h1 class="elementor-heading-title elementor-size-default translation-block">PRODUTTORI E<br>
SPIRITO PIONIERISTICO</h1>				</div>
				</div>
				<div class="elementor-element elementor-element-222432a3 elementor-widget-divider--view-line elementor-widget elementor-widget-divider" data-id="222432a3" data-element_type="widget" data-e-type="widget" data-widget_type="divider.default">
				<div class="elementor-widget-container">
							<div class="elementor-divider">
			<span class="elementor-divider-separator">
						</span>
		</div>
						</div>
				</div>
				</div>
				</div>
		<div class="elementor-element elementor-element-defe424 e-flex e-con-boxed e-con e-parent" data-id="defe424" data-element_type="container" data-e-type="container" data-settings="{&quot;background_background&quot;:&quot;classic&quot;}">
					<div class="e-con-inner">
		<div class="elementor-element elementor-element-8fdc812 e-con-full e-flex e-con e-child" data-id="8fdc812" data-element_type="container" data-e-type="container">
				<div class="elementor-element elementor-element-04508f9 elementor-widget__width-auto elementor-widget elementor-widget-image" data-id="04508f9" data-element_type="widget" data-e-type="widget" data-widget_type="image.default">
				<div class="elementor-widget-container">
															<img decoding="async" width="363" height="364" src="https://swissblackangus.ch/wp-content/uploads/2024/03/16.png" class="attachment-large size-large wp-image-12468" alt="Icona cuore" srcset="https://swissblackangus.ch/wp-content/uploads/2024/03/16.png 363w, https://swissblackangus.ch/wp-content/uploads/2024/03/16-300x300.png 300w, https://swissblackangus.ch/wp-content/uploads/2024/03/16-150x150.png 150w" sizes="(max-width: 363px) 100vw, 363px" />															</div>
				</div>
				<div data-dce-title-color="#FFFFFF" class="elementor-element elementor-element-cddaf9b elementor-widget elementor-widget-heading" data-id="cddaf9b" data-element_type="widget" data-e-type="widget" data-widget_type="heading.default">
				<div class="elementor-widget-container">
					<h2 class="elementor-heading-title elementor-size-default">Testa, cuore e mani</h2>				</div>
				</div>
				<div class="elementor-element elementor-element-6c5d2f4 elementor-widget-divider--view-line elementor-widget elementor-widget-global elementor-global-12215 elementor-widget-divider" data-id="6c5d2f4" data-element_type="widget" data-e-type="widget" data-widget_type="divider.default">
				<div class="elementor-widget-container">
							<div class="elementor-divider">
			<span class="elementor-divider-separator">
						</span>
		</div>
						</div>
				</div>
				<div class="elementor-element elementor-element-8b9d744 elementor-widget__width-initial elementor-widget elementor-widget-image" data-id="8b9d744" data-element_type="widget" data-e-type="widget" data-widget_type="image.default">
				<div class="elementor-widget-container">
															<img decoding="async" width="800" height="432" src="https://swissblackangus.ch/wp-content/uploads/2024/03/herz-hand-1-1024x553.webp" class="attachment-large size-large wp-image-12476" alt="Produttori di foto di gruppo di Black Angus svizzero" srcset="https://swissblackangus.ch/wp-content/uploads/2024/03/herz-hand-1-1024x553.webp 1024w, https://swissblackangus.ch/wp-content/uploads/2024/03/herz-hand-1-300x162.webp 300w, https://swissblackangus.ch/wp-content/uploads/2024/03/herz-hand-1-768x415.webp 768w, https://swissblackangus.ch/wp-content/uploads/2024/03/herz-hand-1-1536x829.webp 1536w, https://swissblackangus.ch/wp-content/uploads/2024/03/herz-hand-1.webp 1800w" sizes="(max-width: 800px) 100vw, 800px" />															</div>
				</div>
				<div class="elementor-element elementor-element-4277ee3 elementor-widget elementor-widget-text-editor" data-id="4277ee3" data-element_type="widget" data-e-type="widget" data-widget_type="text-editor.default">
				<div class="elementor-widget-container">
									Riunione estiva dell'Associazione Svizzera degli Allevatori di Angus (SwissAngus)								</div>
				</div>
				<div class="elementor-element elementor-element-9981827 justify elementor-widget__width-initial elementor-widget elementor-widget-text-editor" data-id="9981827" data-element_type="widget" data-e-type="widget" data-widget_type="text-editor.default">
				<div class="elementor-widget-container">
									<p>Segui un collegamento aggiunto manuale
I produttori, gli agricoltori, le persone che si occupano di bovini Angus svizzeri, nutrono convinzione e passione per l’allevamento dei loro animali; ogni giorno; in stalla e al pascolo. Sono i pionieri svizzeri dell’allevamento di vacche nutrici, che condividono la gioia per i loro meravigliosi bovini, con tutti coloro che amano una natura sana e la carne di miglior qualità.</p>								</div>
				</div>
				</div>
					</div>
				</div>
		<div class="elementor-element elementor-element-9f267e2 e-con-full e-flex e-con e-parent" data-id="9f267e2" data-element_type="container" data-e-type="container" data-settings="{&quot;background_background&quot;:&quot;classic&quot;}">
				<div class="elementor-element elementor-element-0b74390 elementor-widget elementor-widget-image" data-id="0b74390" data-element_type="widget" data-e-type="widget" data-widget_type="image.default">
				<div class="elementor-widget-container">
															<img loading="lazy" decoding="async" width="800" height="424" src="https://swissblackangus.ch/wp-content/uploads/2024/03/herz-hand-2-1024x543.webp" class="attachment-large size-large wp-image-12487" alt="Paesaggio mattutino con nebbiolina" srcset="https://swissblackangus.ch/wp-content/uploads/2024/03/herz-hand-2-1024x543.webp 1024w, https://swissblackangus.ch/wp-content/uploads/2024/03/herz-hand-2-300x159.webp 300w, https://swissblackangus.ch/wp-content/uploads/2024/03/herz-hand-2-768x407.webp 768w, https://swissblackangus.ch/wp-content/uploads/2024/03/herz-hand-2-1536x815.webp 1536w, https://swissblackangus.ch/wp-content/uploads/2024/03/herz-hand-2.webp 1800w" sizes="(max-width: 800px) 100vw, 800px" />															</div>
				</div>
		<div class="elementor-element elementor-element-6ed4917 e-con-full animated-slow e-flex elementor-invisible e-con e-child" data-id="6ed4917" data-element_type="container" data-e-type="container" data-settings="{&quot;animation&quot;:&quot;fadeIn&quot;,&quot;animation_delay&quot;:0.5,&quot;position&quot;:&quot;absolute&quot;}">
				<div data-dce-title-color="#FFFFFF" class="elementor-element elementor-element-09f3429 elementor-widget elementor-widget-heading" data-id="09f3429" data-element_type="widget" data-e-type="widget" data-widget_type="heading.default">
				<div class="elementor-widget-container">
					<p class="elementor-heading-title elementor-size-default">IP-SUISSE – AGRICOLTORI PER GENERAZIONI</p>				</div>
				</div>
				</div>
				</div>
				</div>

<p>VON PRODUZENTEN UND PIONIERGEIST Kopf, Herz und Hand Sommerhöck der Schweizerischen Vereinigung der Angus-Züchter (SwissAngus) Produzenten, Landwirte, Menschen, die es mit Schweizer Angus-Rindern zu tun haben, sind mit Überzeugung und Leidenschaft bei ihren Kühen und Stieren. Jeden Tag. Im Stall und auf der Wiese. Sie waren die Pioniere der Mutterkuhhaltung in der Schweiz und teilen [&hellip;]</p>
